 remainder when 761 is divided by 515?
246
What is the remainder when 144371 is divided by 12?
11
What is the remainder when 96620 is divided by 966?
20
Calculate the remainder when 190731 is divided by 15893.
15
Calculate the remainder when 717333 is divided by 72.
69
Calculate the remainder when 47193 is divided by 38.
35
Calculate the remainder when 1288851 is divided by 1158.
1155
What is the remainder when 2012 is divided by 336?
332
What is the remainder when 93588 is divided by 450?
438
Calculate the remainder when 5874315 is divided by 7.
6
Calculate the remainder when 323685 is divided by 21579.
0
Calculate the remainder when 2121 is divided by 133.
126
What is the remainder when 80493 is divided by 26?
23
Calculate the remainder when 310904 is divided by 7.
6
What is the remainder when 18918 is divided by 159?
156
Calculate the remainder when 397 is divided by 9.
1
Calculate the remainder when 16844 is divided by 2406.
2
Calculate the remainder when 554 is divided by 97.
69
What is the remainder when 5640 is divided by 684?
168
What is the remainder when 42250 is divided by 1362?
28
Calculate the remainder when 30593 is divided by 30591.
2
What is the remainder when 3486 is divided by 2687?
799
What is the remainder when 12210 is divided by 4052?
54
Calculate the remainder when 86096 is divided by 28690.
26
Calculate the remainder when 133295 is divided by 79.
22
What is the remainder when 195821 is divided by 16?
13
Calculate the remainder when 1314 is divided by 578.
158
What is the remainder when 13142 is divided by 4?
2
Calculate the remainder when 1535032 is divided by 337.
334
What is the remainder when 21405 is divided by 33?
21
Calculate the remainder when 1078 is divided by 1049.
29
What is the remainder when 4720 is divided by 57?
46
What is the remainder when 97017 is divided by 84?
81
Calculate the remainder when 46953 is divided by 11729.
37
Calculate the remainder when 905 is divided by 32.
9
Calculate the remainder when 116247 is divided by 44.
43
Calculate the remainder when 256393 is divided by 14.
11
What is the remainder when 3949483 is divided by 308?
307
Calculate the remainder when 7468 is divided by 111.
31
Calculate the remainder when 31904 is divided by 86.
84
Calculate the remainder when 138760 is divided by 6.
4
Calculate the remainder when 2891 is divided by 58.
49
Calculate the remainder when 55794 is divided by 1324.
186
What is the remainder when 14492 is divided by 7243?
6
What is the remainder when 10439 is divided by 2843?
1910
Calculate the remainder when 1700 is divided by 130.
10
What is the remainder when 38097 is divided by 323?
306
What is the remainder when 238055 is divided by 78?
77
What is the remainder when 1003 is divided by 583?
420
What is the remainder when 121390 is divided by 216?
214
What is the remainder when 5677 is divided by 1146?
1093
Calculate the remainder when 5719 is divided by 37.
21
What is the remainder when 11556 is divided by 186?
24
What is the remainder when 76638 is divided by 20?
18
Calculate the remainder when 4603 is divided by 4579.
24
What is the remainder when 7886 is divided by 773?
156
Calculate the remainder when 339 is divided by 16.
3
What is the remainder when 2641 is divided by 1239?
163
What is the remainder when 3144 is divided by 31?
13
Calculate the remainder when 4006 is divided by 221.
28
Calculate the remainder when 399 is divided by 359.
40
Calculate the remainder when 6375 is divided by 6.
3
Calculate the remainder when 1205671 is divided by 7.
5
What is the remainder when 949 is divided by 880?
69
Calculate the remainder when 642296 is divided by 193.
185
What is the remainder when 19747 is divided by 87?
85
Calculate the remainder when 765251 is divided by 58.
57
What is the remainder when 11014 is divided by 2733?
82
What is the remainder when 46431 is divided by 107?
100
What is the remainder when 10709 is divided by 255?
254
What is the remainder when 3430 is divided by 1138?
16
Calculate the remainder when 17267 is divided by 289.
216
Calculate the remainder when 60025 is divided by 290.
285
Calculate the remainder when 1840605 is divided by 88.
85
Calculate the remainder when 40871 is divided by 20423.
25
What is the remainder when 1326 is divided by 536?
254
Calculate the remainder when 56390 is divided by 98.
40
Calculate the remainder when 36760 is divided by 171.
166
What is the remainder when 154817 is divided by 94?
93
What is the remainder when 324047 is divided by 18?
11
Calculate the remainder when 141 is divided by 108.
33
Calculate the remainder when 454555 is divided by 151517.
4
Calculate the remainder when 64079 is divided by 37.
32
What is the remainder when 43947 is divided by 71?
69
What is the remainder when 10303 is divided by 8?
7
What is the remainder when 36176 is divided by 389?
388
What is the remainder when 7509 is divided by 6?
3
Calculate the remainder when 3137 is divided by 139.
79
What is the remainder when 6085 is divided by 274?
57
Calculate the remainder when 8903 is divided by 131.
126
Calculate the remainder when 3229498 is divided by 645899.
3
What is the remainder when 1531 is divided by 603?
325
What is the remainder when 2625 is divided by 38?
3
What is the remainder when 256232 is divided by 92?
12
What is the remainder when 2717 is divided by 14?
1
Calculate the remainder when 396813 is divided by 1359.
1344
Calculate the remainder when 56876 is divided by 316.
312
Calculate the remainder when 23782 is divided by 18.
4
Calculate the remainder when 645 is divided by 527.
118
What is the remainder when 82773 is divided by 27590?
3
Calculate the remainder when 3420 is divided by 681.
15
What is the remainder when 42775 is divided by 678?
61
What is the remainder when 9733 is divided by 5?
3
What is the remainder when 51710 is divided by 507?
503
Calculate the remainder when 96891 is divided by 48443.
5
Calculate the remainder when 909 is divided by 440.
29
Calculate the remainder when 1098247 is divided by 827.
818
Calculate the remainder when 174314 is divided by 23.
20
What is the remainder when 241 is divided by 225?
16
Calculate the remainder when 118219 is divided by 118211.
8
What is the remainder when 6447504 is divided by 559?
557
Calculate the remainder when 56158 is divided by 102.
58
What is the remainder when 1195959 is divided by 242?
237
Calculate the remainder when 18176 is divided by 75.
26
What is the remainder when 839 is divided by 136?
23
What is the remainder when 3351 is divided by 258?
255
Calculate the remainder when 32255 is divided by 8056.
31
Calculate the remainder when 5794 is divided by 798.
208
What is the remainder when 625 is divided by 71?
57
Calculate the remainder when 86744 is divided by 210.
14
Calculate the remainder when 3659 is divided by 1187.
98
What is the remainder when 5129 is divided by 605?
289
What is the remainder when 1180 is divided by 191?
34
Calculate the remainder when 86646 is divided by 405.
381
Calculate the remainder when 461869 is divided by 732.
709
What is the remainder when 64381 is divided by 1788?
13
Calculate the remainder when 16397 is divided by 117.
17
Calculate the remainder when 17843 is divided by 938.
21
What is the remainder when 226970 is divided by 75641?
47
What is the remainder when 32953 is divided by 17?
7
Calculate the remainder when 1036 is divided by 347.
342
Calculate the remainder when 7803 is divided by 26.
3
What is the remainder when 2611 is divided by 1303?
5
What is the remainder when 168727 is divided by 15337?
20
Calculate the remainder when 183128 is divided by 53.
13
Calculate the remainder when 27492 is divided by 1525.
42
Calculate the remainder when 3365 is divided by 68.
33
What is the remainder when 18040 is divided by 6005?
25
What is the remainder when 38000 is divided by 4748?
16
What is the remainder when 1012959 is divided by 8?
7
What is the remainder when 2145 is divided by 1070?
5
Calculate the remainder when 23897 is divided by 16.
9
What is the remainder when 234376 is divided by 123?
61
Calculate the remainder when 541547 is divided by 318.
311
Calculate the remainder when 3184 is divided by 437.
125
Calculate the remainder when 5370 is divided by 1070.
20
What is the remainder when 1936